{"id":13,"date":"2008-09-15T16:48:31","date_gmt":"2008-09-15T14:48:31","guid":{"rendered":"http:\/\/www.primarte.de\/?page_id=13"},"modified":"2015-07-12T21:29:42","modified_gmt":"2015-07-12T19:29:42","slug":"alex-jacobowitz","status":"publish","type":"page","link":"http:\/\/www.primarte.de\/?page_id=13","title":{"rendered":"Alex Jacobowitz"},"content":{"rendered":"<p><strong>Einer der ungew\u00f6hnlichsten K\u00fcnstler!<\/strong><\/p>\n<p>Das Xylophon ist nicht laut, doch jeder Ton ist klar zu vernehmen: dunkel, sonor, geisterhaft. Sein Publikum ist verzaubert von dem was sie sehen und h\u00f6ren. Wie Kobolde tanzen die 4 Schl\u00e4gel \u00fcber die Tastatur des 3 m Xylophons.<\/p>\n<p><img loading=\"lazy\" decoding=\"async\" src=\"http:\/\/www.primarte.de\/wp-content\/uploads\/image\/jakobowitz2.jpg\" alt=\"\" width=\"220\" height=\"170\" \/>Exotische Klezmer- Lieder schmiegen sich bei den Konzerten eng an Beethovens 7 Sinfonie, Bachfugen, Mozartsonaten ein ganzes Orchester auf ein paar Holzst\u00e4ben. Das ist Begegnung der Kulturen! Wenn es den Zuh\u00f6rern gef\u00e4llt, setzt er noch einen drauf. Dann wirbeln die Schlegel so wild \u00fcber die St\u00e4be, wie Finger spanischer Gitarristen \u00fcber die Seiten: Xylophon-Flamenco.<\/p>\n","protected":false},"excerpt":{"rendered":"<p>Einer der ungew\u00f6hnlichsten K\u00fcnstler! Das Xylophon ist nicht laut, doch jeder Ton ist klar zu vernehmen: dunkel, sonor, geisterhaft. Sein Publikum ist verzaubert von dem was sie sehen und h\u00f6ren. Wie Kobolde tanzen die 4 Schl\u00e4gel \u00fcber die Tastatur des 3 m Xylophons. Exotische Klezmer- Lieder schmiegen sich bei den Konzerten eng an Beethovens 7 [&hellip;]<\/p>\n","protected":false},"author":1,"featured_media":0,"parent":7,"menu_order":3,"comment_status":"closed","ping_status":"open","template":"","meta":{"footnotes":""},"class_list":["post-13","page","type-page","status-publish","hentry"],"_links":{"self":[{"href":"http:\/\/www.primarte.de\/index.php?rest_route=\/wp\/v2\/pages\/13","targetHints":{"allow":["GET"]}}],"collection":[{"href":"http:\/\/www.primarte.de\/index.php?rest_route=\/wp\/v2\/pages"}],"about":[{"href":"http:\/\/www.primarte.de\/index.php?rest_route=\/wp\/v2\/types\/page"}],"author":[{"embeddable":true,"href":"http:\/\/www.primarte.de\/index.php?rest_route=\/wp\/v2\/users\/1"}],"replies":[{"embeddable":true,"href":"http:\/\/www.primarte.de\/index.php?rest_route=%2Fwp%2Fv2%2Fcomments&post=13"}],"version-history":[{"count":19,"href":"http:\/\/www.primarte.de\/index.php?rest_route=\/wp\/v2\/pages\/13\/revisions"}],"predecessor-version":[{"id":206,"href":"http:\/\/www.primarte.de\/index.php?rest_route=\/wp\/v2\/pages\/13\/revisions\/206"}],"up":[{"embeddable":true,"href":"http:\/\/www.primarte.de\/index.php?rest_route=\/wp\/v2\/pages\/7"}],"wp:attachment":[{"href":"http:\/\/www.primarte.de\/index.php?rest_route=%2Fwp%2Fv2%2Fmedia&parent=13"}],"curies":[{"name":"wp","href":"https:\/\/api.w.org\/{rel}","templated":true}]}}