{"id":18,"date":"2008-09-15T16:51:20","date_gmt":"2008-09-15T14:51:20","guid":{"rendered":"http:\/\/www.primarte.de\/?page_id=18"},"modified":"2015-07-12T21:31:25","modified_gmt":"2015-07-12T19:31:25","slug":"sabine-grofmeier","status":"publish","type":"page","link":"http:\/\/www.primarte.de\/?page_id=18","title":{"rendered":"Sabine Grofmeier"},"content":{"rendered":"<p>&#8222;Eine der herausragenden Nachwuchsk\u00fcnstlerinnen unserer heutigen Zeit\u201c, nannte der Dirigent und Musikwissenschaftler Kurt Pahlen die Klarinettistin Sabine Grofmeier.<\/p>\n<p>Ihr Klarinettenstudium absolvierte die in Marl geborene Klarinettistin bei Hans-Dietrich Klaus und Frits Hauser in Detmold, bei Stefan Schilling in Graz und zuletzt bei Eduard Brunner in Saarbr\u00fccken. Zus\u00e4tzliche k\u00fcnstlerische Anregungen erhielt die junge Musikerin bei renommierten Solisten wie Sabine Meyer, Wolfgang Meyer, Ralph Manno, Ulf Rodenh\u00e4user, Kjell Fageus und Thomas Friedli.<\/p>\n<p>Sabine Grofmeier ist Tr\u00e4gerin zahlreicher F\u00f6rderpreise und Stipendien. Sie war Stipendiatin der Stiftung Villa Musica in Mainz und gewann den Kulturf\u00f6rderpreis der Westf\u00e4lischen Wirtschaft in M\u00fcnster. Sie erhielt ein Jahresstipendium des DAAD, es folgten ein Stipendium der Richard-Wagner-Gesellschaft und der Schwetzinger Festspiele.<\/p>\n<p><img loading=\"lazy\" decoding=\"async\" src=\"http:\/\/www.primarte.de\/wp-content\/uploads\/sabinegrofmeier2(1).png\" alt=\"\" width=\"220\" height=\"266\" \/>Sabine Grofmeier spielte als Soloklarinettistin der Jungen Deutschen Philharmonie, der Philharmonie der Nationen und der Orchesterakademie des Bayerischen Rundfunks unter Hans Zender, Justus Frantz, Semyon Bychkov und Dimitri Kitajenko. Sie war langj\u00e4hrig Soloklarinettistin der Klassischen Philharmonie Bonn, des K\u00f6lner Kammerorchesters und regelm\u00e4\u00dfig zu Gast beim Radio-Sinfonieorchester Saarbr\u00fccken, dem Ensemble Musikfabrik NRW sowie dem G\u00fcrzenich &#8211; K\u00f6lner Philharmoniker und den D\u00fcsseldorfer Philharmonikern.<\/p>\n<p>Als Solistin gastierte Sabine Grofmeier in den namhaftesten Konzerts\u00e4len Deutschlands und des benachbarten Auslands \u2013 u.a. Hamburg Musikhalle (Laieszhalle), Bremen Glocke, Berlin Konzerthaus am Gendarmenmarkt, Hannover Gro\u00dfer NDR-Sendesaal, Bielefeld Rudolf-Oetker-Halle, Karlsruhe Kongresszentrum, N\u00fcrnberg Meistersingerhalle, Bonn Beethovenhalle, Stuttgart Liederhalle, M\u00fcnchen Herkulessaal der Residenz.<\/p>\n<p>Ihre rege Konzertt\u00e4tigkeit als gefragte Solistin, Kammermusikerin und Dozentin f\u00fchrten die Klarinettistin bisher durch Deutschland, \u00d6sterreich, Schweiz, Israel, England, Spanien, Schweden, Frankreich und Australien.<\/p>\n<p>Seit 2007 ist Sabine Grofmeier k\u00fcnstlerische Leiterin des Internationalen Musikfestivals Capdepera, Mallorca.<\/p>\n<p>&nbsp;<\/p>\n","protected":false},"excerpt":{"rendered":"<p>&#8222;Eine der herausragenden Nachwuchsk\u00fcnstlerinnen unserer heutigen Zeit\u201c, nannte der Dirigent und Musikwissenschaftler Kurt Pahlen die Klarinettistin Sabine Grofmeier. Ihr Klarinettenstudium absolvierte die in Marl geborene Klarinettistin bei Hans-Dietrich Klaus und Frits Hauser in Detmold, bei Stefan Schilling in Graz und zuletzt bei Eduard Brunner in Saarbr\u00fccken. Zus\u00e4tzliche k\u00fcnstlerische Anregungen erhielt die junge Musikerin bei renommierten [&hellip;]<\/p>\n","protected":false},"author":1,"featured_media":0,"parent":7,"menu_order":6,"comment_status":"closed","ping_status":"open","template":"","meta":{"footnotes":""},"class_list":["post-18","page","type-page","status-publish","hentry"],"_links":{"self":[{"href":"http:\/\/www.primarte.de\/index.php?rest_route=\/wp\/v2\/pages\/18","targetHints":{"allow":["GET"]}}],"collection":[{"href":"http:\/\/www.primarte.de\/index.php?rest_route=\/wp\/v2\/pages"}],"about":[{"href":"http:\/\/www.primarte.de\/index.php?rest_route=\/wp\/v2\/types\/page"}],"author":[{"embeddable":true,"href":"http:\/\/www.primarte.de\/index.php?rest_route=\/wp\/v2\/users\/1"}],"replies":[{"embeddable":true,"href":"http:\/\/www.primarte.de\/index.php?rest_route=%2Fwp%2Fv2%2Fcomments&post=18"}],"version-history":[{"count":7,"href":"http:\/\/www.primarte.de\/index.php?rest_route=\/wp\/v2\/pages\/18\/revisions"}],"predecessor-version":[{"id":242,"href":"http:\/\/www.primarte.de\/index.php?rest_route=\/wp\/v2\/pages\/18\/revisions\/242"}],"up":[{"embeddable":true,"href":"http:\/\/www.primarte.de\/index.php?rest_route=\/wp\/v2\/pages\/7"}],"wp:attachment":[{"href":"http:\/\/www.primarte.de\/index.php?rest_route=%2Fwp%2Fv2%2Fmedia&parent=18"}],"curies":[{"name":"wp","href":"https:\/\/api.w.org\/{rel}","templated":true}]}}

<p>&#8222;Eine der herausragenden Nachwuchskünstlerinnen unserer heutigen Zeit“, nannte der Dirigent und Musikwissenschaftler Kurt Pahlen die Klarinettistin Sabine Grofmeier.</p>
<p>Ihr Klarinettenstudium absolvierte die in Marl geborene Klarinettistin bei Hans-Dietrich Klaus und Frits Hauser in Detmold, bei Stefan Schilling in Graz und zuletzt bei Eduard Brunner in Saarbrücken. Zusätzliche künstlerische Anregungen erhielt die junge Musikerin bei renommierten Solisten wie Sabine Meyer, Wolfgang Meyer, Ralph Manno, Ulf Rodenhäuser, Kjell Fageus und Thomas Friedli.</p>
<p>Sabine Grofmeier ist Trägerin zahlreicher Förderpreise und Stipendien. Sie war Stipendiatin der Stiftung Villa Musica in Mainz und gewann den Kulturförderpreis der Westfälischen Wirtschaft in Münster. Sie erhielt ein Jahresstipendium des DAAD, es folgten ein Stipendium der Richard-Wagner-Gesellschaft und der Schwetzinger Festspiele.</p>
<p><img loading="lazy" decoding="async" src="http://www.primarte.de/wp-content/uploads/sabinegrofmeier2(1).png" alt="" width="220" height="266" />Sabine Grofmeier spielte als Soloklarinettistin der Jungen Deutschen Philharmonie, der Philharmonie der Nationen und der Orchesterakademie des Bayerischen Rundfunks unter Hans Zender, Justus Frantz, Semyon Bychkov und Dimitri Kitajenko. Sie war langjährig Soloklarinettistin der Klassischen Philharmonie Bonn, des Kölner Kammerorchesters und regelmäßig zu Gast beim Radio-Sinfonieorchester Saarbrücken, dem Ensemble Musikfabrik NRW sowie dem Gürzenich &#8211; Kölner Philharmoniker und den Düsseldorfer Philharmonikern.</p>
<p>Als Solistin gastierte Sabine Grofmeier in den namhaftesten Konzertsälen Deutschlands und des benachbarten Auslands – u.a. Hamburg Musikhalle (Laieszhalle), Bremen Glocke, Berlin Konzerthaus am Gendarmenmarkt, Hannover Großer NDR-Sendesaal, Bielefeld Rudolf-Oetker-Halle, Karlsruhe Kongresszentrum, Nürnberg Meistersingerhalle, Bonn Beethovenhalle, Stuttgart Liederhalle, München Herkulessaal der Residenz.</p>
<p>Ihre rege Konzerttätigkeit als gefragte Solistin, Kammermusikerin und Dozentin führten die Klarinettistin bisher durch Deutschland, Österreich, Schweiz, Israel, England, Spanien, Schweden, Frankreich und Australien.</p>
<p>Seit 2007 ist Sabine Grofmeier künstlerische Leiterin des Internationalen Musikfestivals Capdepera, Mallorca.</p>
<p>&nbsp;</p>

<p>&#8222;Eine der herausragenden Nachwuchskünstlerinnen unserer heutigen Zeit“, nannte der Dirigent und Musikwissenschaftler Kurt Pahlen die Klarinettistin Sabine Grofmeier. Ihr Klarinettenstudium absolvierte die in Marl geborene Klarinettistin bei Hans-Dietrich Klaus und Frits Hauser in Detmold, bei Stefan Schilling in Graz und zuletzt bei Eduard Brunner in Saarbrücken. Zusätzliche künstlerische Anregungen erhielt die junge Musikerin bei renommierten [&hellip;]</p>
