{"id":22,"date":"2008-09-15T16:53:36","date_gmt":"2008-09-15T14:53:36","guid":{"rendered":"http:\/\/www.primarte.de\/?page_id=22"},"modified":"2015-07-12T21:31:40","modified_gmt":"2015-07-12T19:31:40","slug":"susanna-risch","status":"publish","type":"page","link":"http:\/\/www.primarte.de\/?page_id=22","title":{"rendered":"Susanna Risch"},"content":{"rendered":"<p>Susanna Risch, geboren in Trier, erlernte zun\u00e4chst Geige, Klavier und &#8211; bis ins erste Studienjahr hinein- Oboe und studierte am &#8222;Mozarteum&#8220; Salzburg, an der Musikhochschule Karlsruhe (bei Maria Venuti) und an der Opernschule W\u00fcrzburg Gesang.<\/p>\n<p><img loading=\"lazy\" decoding=\"async\" src=\"http:\/\/www.primarte.de\/wp-content\/uploads\/image\/susannarisch.png\" alt=\"\" width=\"220\" height=\"254\" \/>Sie besuchte Meisterkurse bei Ks. Hilde Zadek, Prof. Ingeborg Most, Prof.Curt Widmer und Prof. Hanna Ludwig und war Preistr\u00e4gerin verschiedener Wettbewerbe (u. A. Zweiter Jury- und erster Publikums-Preis beim Internationalen Robert Stolz- Gesangswettbewerb Wiener Operette 2004 und Preistr\u00e4gerin des Internationalen Jan-Kiepura-Wettbewerbs f\u00fcr Operette 2005).<\/p>\n<p>Ihr B\u00fchnendeb\u00fct gab sie 1997 mit der Partie der Rosalinde (&#8222;Die Fledermaus&#8220;) von Johann Strauss am Theater Erfurt. Ihre umfangreiche Konzertt\u00e4tigkeit f\u00fchrte sie in die bedeutendsten Konzerts\u00e4le Deutschlands wie die K\u00f6lner Philharmonie, das Konzerthaus am Gendarmenmarkt Berlin, das Konzerthaus Dortmund, die Stadthalle Wuppertal und die M\u00fcnchner Philharmonie.<\/p>\n<p>CD- und Rundfunkproduktionen sowie Urauff\u00fchrungen komplettieren ihre k\u00fcnstlerische T\u00e4tigkeit. Ihr Repertoire umfasst ein breites Spektrum vom Barock bis zur Moderne, von Oper und Operette \u00fcber Kirchenmusik und Lied bis zu Chansons, Jazz, Musical-, Broadway- und Tonfilm-Melodien, welches sich besonders in den zahlreichen Konzerten mit dem Damen-Salon-Ensemble &#8222;Pomp-A-Dur&#8220; widerspiegelt, dessen st\u00e4ndiger Gast Susanna Risch seit 2003 ist.<\/p>\n<p>H\u00f6hepunkte waren au\u00dferdem die Mitwirkung bei den Tiroler Festspielen Erl unter Maestro Gustav Kuhn 2002 (wiederum als Fledermaus-Rosalinde), bei den Antiken-Festspielen Trier 2004 (als Eurydice in Carl Orffs &#8222;Antigonae&#8220;), eine Konzertreise mit den M\u00fcnchner Symphonikern nach Korea 2004 (mit Beethovens Neunter Symphonie), die Partie der Fiordiligi in Mozarts &#8222;Cosi fan tutte&#8220; in Mailand 2006 sowie die Partie der Sieglinde In Loriots Version von Wagners \u201eRing des Nibelungen\u201c (\u201eDer Ring an einem Abend\u201c) mit der Staatskapelle Weimar in der M\u00fcnchner Philharmonie im Februar 2007.<\/p>\n<p>Im Sommer 2006 hatte Susanna Risch ihr Fernseh-Debut bei den Elbland-Festspielen Wittenberge mit prominenten Kollegen wie Rene Kollo, Eva Lind, Erkan Aki und Arndis Halla.<\/p>\n","protected":false},"excerpt":{"rendered":"<p>Susanna Risch, geboren in Trier, erlernte zun\u00e4chst Geige, Klavier und &#8211; bis ins erste Studienjahr hinein- Oboe und studierte am &#8222;Mozarteum&#8220; Salzburg, an der Musikhochschule Karlsruhe (bei Maria Venuti) und an der Opernschule W\u00fcrzburg Gesang. Sie besuchte Meisterkurse bei Ks. Hilde Zadek, Prof. Ingeborg Most, Prof.Curt Widmer und Prof. Hanna Ludwig und war Preistr\u00e4gerin verschiedener [&hellip;]<\/p>\n","protected":false},"author":1,"featured_media":0,"parent":7,"menu_order":5,"comment_status":"closed","ping_status":"open","template":"","meta":{"footnotes":""},"class_list":["post-22","page","type-page","status-publish","hentry"],"_links":{"self":[{"href":"http:\/\/www.primarte.de\/index.php?rest_route=\/wp\/v2\/pages\/22","targetHints":{"allow":["GET"]}}],"collection":[{"href":"http:\/\/www.primarte.de\/index.php?rest_route=\/wp\/v2\/pages"}],"about":[{"href":"http:\/\/www.primarte.de\/index.php?rest_route=\/wp\/v2\/types\/page"}],"author":[{"embeddable":true,"href":"http:\/\/www.primarte.de\/index.php?rest_route=\/wp\/v2\/users\/1"}],"replies":[{"embeddable":true,"href":"http:\/\/www.primarte.de\/index.php?rest_route=%2Fwp%2Fv2%2Fcomments&post=22"}],"version-history":[{"count":6,"href":"http:\/\/www.primarte.de\/index.php?rest_route=\/wp\/v2\/pages\/22\/revisions"}],"predecessor-version":[{"id":244,"href":"http:\/\/www.primarte.de\/index.php?rest_route=\/wp\/v2\/pages\/22\/revisions\/244"}],"up":[{"embeddable":true,"href":"http:\/\/www.primarte.de\/index.php?rest_route=\/wp\/v2\/pages\/7"}],"wp:attachment":[{"href":"http:\/\/www.primarte.de\/index.php?rest_route=%2Fwp%2Fv2%2Fmedia&parent=22"}],"curies":[{"name":"wp","href":"https:\/\/api.w.org\/{rel}","templated":true}]}}